 + 13. What is the units digit of r(3)?
8
Let f = 29 + -33. Let o be 3 + f - 50 - 2. Let y = o - -116. What is the tens digit of y?
6
Suppose 3*s + 39 = 3*w, -3*w - 2 = -s - 49. Let q(h) = 12*h - 10. What is the units digit of q(w)?
4
Let n(m) = m**2 + 22*m - 67. What is the tens digit of n(-32)?
5
Let i = 5243 + -3077. What is the tens digit of i?
6
Suppose 0 = -v + g + 908, -912 = -v - 5*g + 4*g. What is the hundreds digit of v?
9
Suppose 5*i = -0*b - 2*b + 162, 0 = -2*b + i + 162. Suppose b = -c - c + y, -204 = 5*c - y. Let u = -23 - c. What is the tens digit of u?
1
Suppose -4*m + 2*m + 3*t = 43, 0 = -4*m - 2*t - 126. What is the tens digit of (-18 - -12)*m/3?
5
Let d(s) = 9*s + 1. Let t be d(-1). Let l be -63*4/t*2. Let n = 98 - l. What is the units digit of n?
5
What is the units digit of (-1)/(10/(-6))*(-22820)/(-28)?
9
Let b be (4/3)/((-8)/(-12)). Suppose 0 = b*r - 5*w - 17, -3*r + 0*r - 3*w = -57. Suppose 0 = -h - 0*h + r. What is the units digit of h?
6
Suppose 2*j = -m + 1666, j - 373 = -m + 1295. What is the hundreds digit of m?
6
Let i = -18 - -94. Let b = i - -16. What is the units digit of b?
2
Suppose 5*t - 2*d = 418 + 297, 4*t - 2*d - 570 = 0. What is the tens digit of t?
4
What is the units digit of ((-10)/4 - 0)*6944/(-40)?
4
What is the hundreds digit of 6 - (-13)/(7*(-1)/(-1358))?
5
Suppose -47 - 97 = 3*y - t, 0 = -3*y - t - 150. What is the hundreds digit of (-3)/(y/207 - 28/(-126))?
2
Let x(b) = -b**2 + 4*b. Let y be x(4). Suppose 0*n = -r + n + 75, -5*r + 2*n + 360 = y. What is the tens digit of r?
7
Let j(l) = -l + 1. Let r = -1 - -6. Suppose 60 = -r*p - 5*k + 10, -4*k - 55 = 5*p. What is the tens digit of j(p)?
1
Suppose -2*k - 10 = -7*k. Let r(f) = 12*f + 4*f**k - 6 + 4 + 9. What is the units digit of r(-5)?
7
Suppose -5*z - 29 = -4*i, -5*i + 2*i - 3*z = 12. Let n be 30 + (-3)/i + 0. Suppose -2*r + 2*c + n = -67, 0 = r + c - 51. What is the tens digit of r?
4
Suppose -3*b + c + 2 = 0, -4*b = -9*b + 4*c - 6. Suppose 5*p = -b*z - 1, -2*z + 5*p = 2*z - 43. Let v = z + 8. What is the units digit of v?
5
Let a(d) be the third derivative of -d**4/8 + 23*d**3/3 + 39*d**2. What is the units digit of a(13)?
7
Suppose -31*v - 14911 = -54529. What is the units digit of v?
8
What is the tens digit of (2090/(-3))/((-54)/81)?
4
What is the thousands digit of (-30748)/(-20) + 1/(-10)*4?
1
Let n(l) = -l**2 + 16*l - 12. Let w be n(15). Suppose -273 = -w*x - 15. What is the tens digit of x?
8
Let u = -103 + 100. What is the units digit of (4 - (-2 - u))*46?
8
Let l(b) = 9*b**2 + 2*b - 2. Let d be l(6). Suppose d = -11*k + 13*k. What is the tens digit of k?
6
Let c be 26/117 + 14/18. Suppose -h + c = -1. Suppose -4*t = 5*k - 106, -h = 2*t - 0. What is the units digit of k?
2
Suppose -o = 27*o - 6412. What is the tens digit of o?
2
Let h = 5 + 12. Let x = 23 - h. What is the units digit of 75/(-10)*(-8)/x?
0
Let i be (-2)/(-2)*(-80)/(-8). Suppose -i*s = -9*s - 33. What is the units digit of s?
3
Let u = 2019 + -1211. What is the tens digit of u?
0
Let b(g) = g - 1. Let s(c) = c. Let m(i) = -2*b(i) + s(i). Let u be m(-3). Suppose -2*r = u*k - r - 100, -4*r = 5*k - 85. What is the units digit of k?
1
Suppose 3*c = 7*c. Suppose 0 = -d - c*d + 42. What is the tens digit of d?
4
Let l = 122 - 117. Let s(r) = -r - 1. Let k be s(-4). Suppose k*h - 39 = -l*q, -q - 2*h + 3 = -3*h. What is the units digit of q?
6
Suppose 3*w - 480 = -3*a, -10 = 4*w - 2*w. Let j be ((-2)/(-1))/(1*2). What is the tens digit of ((-1)/j)/((-11)/a)?
1
Let c be (-61)/6 + (-1)/(-6). Let m = c - -11. Suppose 0 = p - m - 7. What is the units digit of p?
8
Let w(c) = -c**3 - 4*c**2 - 8*c - 7. Let y be w(-3). Suppose 59 = -y*s + 427. What is the tens digit of 0 - 2/(-4)*s?
2
Let c(x) = -4*x - 8. Let j be c(-2). Suppose 9*k - 4*k - 65 = j. What is the units digit of k?
3
Let g = 756 + 1148. What is the units digit of g?
4
Let a(g) = 1135*g + 3*g**2 + 101*g**3 - 1135*g - 1. What is the tens digit of a(1)?
0
Suppose 4*y + 2*s = -36, 4*s = -3*y + s - 30. Let u(w) = w**3 + 9*w**2 + 7*w - 3. What is the units digit of u(y)?
5
Let g = 123 + -32. Let b = g - 58. What is the units digit of b?
3
What is the units digit of 2/(-12) + 84276/216?
0
Let x(y) = 0 + 2 - 7*y**3 + 2*y + y**2 - 1. Suppose -6*t + 4 = 4*z - 2*t, -4*z + 5*t = 14. What is the units digit of x(z)?
7
Let y = 97 + -93. Suppose -y*l + 4*p = -354 - 298, 5*l - 3*p = 805. What is the tens digit of l?
5
Suppose -5*n + 31 = 4*p, 0*n - n = -5*p + 17. Suppose q + o - 55 = 0, 22 = n*o + 7. Let z = q + -9. What is the tens digit of z?
4
Let i(r) = r**3 + 9*r**2 + 7*r + 1. Let f(j) = j**2 + j - 8. Let l be f(0). Let x be i(l). Suppose g = -4 + x. What is the units digit of g?
5
Let i(h) = -31*h + 25. What is the tens digit of i(-7)?
4
Let l(y) = 4*y + 5. Let b be l(4). Suppose -9 - 11 = -10*s. Suppose s*a - 5*d = b, -3*a + 0*d + 3*d = -27. What is the units digit of a?
8
Suppose d + 13 = -3*b, -4*d = -6*d - b - 21. Let w = -6 - d. Suppose 5 = v - w*m - 9, 14 = v + m. What is the units digit of v?
4
Suppose -2*s + 5*s - 27 = 0. Let o = -4 + s. Suppose -6 = o*n - 21. What is the units digit of n?
3
Let k(m) = 40 - m**3 - m**2 + 3*m + 3*m**2 - m**2 - 2*m. Let x be k(0). Suppose -4*j = 3*h - x, 6*h + 5*j - 75 = h. What is the units digit of h?
0
Let a(g) = -g**2 + 6*g + 1. Let k be a(5). Suppose 8*m = -4*q + k*m + 278, 0 = 4*q - 4*m - 272. What is the tens digit of q?
6
Suppose -3*p = 3*y - 273, 0 = -4*y + 3*p + p + 324. Suppose -38 - 264 = -4*g - m, -g + y = -5*m. What is the tens digit of g?
7
Let l(r) = -624*r - 178. What is the tens digit of l(-3)?
9
Let r = -16 - -11. Let s(y) = -y**2 - 5*y + 5. Let c be s(r). Suppose -3*j - 120 = -c*q, -3*q - j = 2*q - 100. What is the tens digit of q?
2
Suppose -i - 9 = -2*i. Let t = 4 + i. Let y = 15 - t. What is the units digit of y?
2
Let s(o) = -o**3 + 72*o**2 - 46*o - 87. What is the units digit of s(71)?
8
Let t = 9 + -5. Suppose -i = -2*l - 10 + 87, l + i - 34 = 0. Let d = l - t. What is the units digit of d?
3
Let a(m) = m**3 - 9*m**2 + 10*m - 10. Let j be a(8). Suppose -j*x - 260 = -5*x. What is the units digit of (16/20)/((-4)/x)?
2
Let j be (-2 - 8)*(-384)/20. Suppose f = 5*f - v - 716, -j = -f - 3*v. What is the tens digit of f?
8
Let c(u) = -5*u + 5. Let y be c(3). Let l = -23 - y. Let g = 8 - l. What is the tens digit of g?
2
Let z be 1/(((-1)/(-4))/1). Let c be z/(0 + 3 + -1). What is the tens digit of c*22*3/12?
1
Let l be -166*((-6)/4 - -1). Let w be -47 + -3 + -1 + -2. Let a = l + w. What is the tens digit of a?
3
Suppose h + 2010 = 5*q - 2*h, -2*q - 5*h + 835 = 0. What is the hundreds digit of q?
4
Let p = -1733 + 5046. What is the units digit of p?
3
Suppose -2*o = -5*o + 186. Let i be (32/(-28))/(16/56). What is the tens digit of o/(-1)*2/i?
3
Suppose -g - 7*u + 2*u = -10, -4 = -2*g - 2*u. Let k(c) = c**2 + 12. Let x be k(g). What is the units digit of 88/3 + (-4)/x?
9
What is the hundreds digit of 10/((-10)/(-3)) - -266?
2
Suppose 0 = 5*m - 8*m + 15. Suppose -2*z = -3 - m. Suppose 25 = u + z. What is the tens digit of u?
2
Let r = 6 + -4. Suppose 0 = r*c - c + 11. Let y = 20 + c. What is the units digit of y?
9
Let g be 2/2 + 0 + 1288/4. Let h = g - 193. What is the tens digit of h?
3
Let w = 34 - 30. Suppose w*o = -4*n + 168, 0 = -n + 5*o + 84 - 24. What is the units digit of n?
5
Let d(y) = 232*y - 22. What is the thousands digit of d(5)?
1
Let m = 12877 + -8514. What is the thousands digit of m?
4
Suppose 9*x - 7*x + 14 = 0. Let b(q) = -q - 20. Let m(c) = c + 39. Let g(o) = 7*b(o) + 4*m(o). What is the units digit of g(x)?
7
Let y(x) = x + 15. Let i be y(-11). What is the tens digit of (3 - i - 2) + 40?
3
Let k(l) = -20*l - 7. Let q = 47 + -48. What is the tens digit of k(q)?
1
Let g(r) = -r**2 + 22*r - 6. Let n(j) = 2*j**2 - j - 9. Let y be n(4). What is the tens digit of g(y)?
5
What is the thousands digit of (-111636)/84*((-15)/9 + -1)?
3
Let q = 677 - -168. What is the units digit of q?
5
Let i(d) = -13*d - 27. Let r = 88 + -102. What is the tens digit of i(r)?
5
Suppose 333008 = -26*y + 78*y. What is the units digit of y?
4
Let v(b) = -6*b - 26. Suppose -5*u - 19 - 21 = 0. What is the tens digit of v(u)?
2
Let w be (10/3)/(2/3). Suppose 5*d = -4*t + 316, -4